What is the remainder when 598410 is divided by 74800?
10
What is the remainder when 68777 is divided by 3526?
1783
Calculate the remainder when 54461 is divided by 7565.
1506
Calculate the remainder when 152502 is divided by 1929.
111
Calculate the remainder when 3957099 is divided by 48257.
25
What is the remainder when 3034402 is divided by 582?
436
What is the remainder when 529639 is divided by 2910?
19
What is the remainder when 19630446 is divided by 1108?
10
Calculate the remainder when 338691 is divided by 4170.
921
Calculate the remainder when 1649972 is divided by 908.
136
Calculate the remainder when 428226 is divided by 142722.
60
Calculate the remainder when 38459096 is divided by 7.
4
Calculate the remainder when 4574400006 is divided by 113.
111
Calculate the remainder when 11248 is divided by 98.
76
Calculate the remainder when 420791 is divided by 7514.
7
What is the remainder when 38413 is divided by 655?
423
What is the remainder when 34796563 is divided by 1251?
1249
What is the remainder when 51799 is divided by 1991?
33
Calculate the remainder when 25719 is divided by 2148.
2091
Calculate the remainder when 29310 is divided by 308.
50
Calculate the remainder when 1351747 is divided by 25032.
19
Calculate the remainder when 169254 is divided by 105.
99
Calculate the remainder when 410356 is divided by 81830.
1206
Calculate the remainder when 21644 is divided by 8768.
4108
What is the remainder when 1233446 is divided by 77089?
22
What is the remainder when 10466447 is divided by 687?
2
What is the remainder when 1582131 is divided by 87895?
21
What is the remainder when 4204103 is divided by 1206?
1193
Calculate the remainder when 232919 is divided by 2874.
125
Calculate the remainder when 529944850 is divided by 3966.
3964
Calculate the remainder when 1868319 is divided by 1301.
83
Calculate the remainder when 101244515 is divided by 21.
8
Calculate the remainder when 300531 is divided by 8832.
243
Calculate the remainder when 877690 is divided by 125381.
23
Calculate the remainder when 6671512367 is divided by 612.
611
Calculate the remainder when 32636441 is divided by 741737.
13
Calculate the remainder when 1509977 is divided by 515.
512
Calculate the remainder when 650929 is divided by 81366.
1
What is the remainder when 385030 is divided by 10996?
170
What is the remainder when 2749370 is divided by 916456?
2
What is the remainder when 8883266 is divided by 2139?
2138
What is the remainder when 53087861 is divided by 184?
181
What is the remainder when 2590494 is divided by 21?
18
What is the remainder when 6272 is divided by 232?
8
Calculate the remainder when 34933 is divided by 34877.
56
What is the remainder when 661927 is divided by 157?
15
Calculate the remainder when 143153517 is divided by 20.
17
What is the remainder when 138975 is divided by 657?
348
What is the remainder when 123495 is divided by 2206?
2165
Calculate the remainder when 24780017 is divided by 33.
20
What is the remainder when 27707668 is divided by 27?
25
What is the remainder when 2924579 is divided by 2772?
119
What is the remainder when 49200555 is divided by 49200544?
11
Calculate the remainder when 250002 is divided by 18953.
3613
Calculate the remainder when 6983452 is divided by 110.
102
Calculate the remainder when 20759792 is divided by 145.
142
Calculate the remainder when 308883 is divided by 102813.
444
What is the remainder when 3596494 is divided by 98?
90
What is the remainder when 511322 is divided by 2749?
8
What is the remainder when 261977 is divided by 130890?
197
What is the remainder when 149406 is divided by 686?
544
Calculate the remainder when 187691 is divided by 752.
443
What is the remainder when 21562237 is divided by 22?
15
What is the remainder when 59864 is divided by 1002?
746
Calculate the remainder when 190222 is divided by 94895.
432
Calculate the remainder when 43975 is divided by 26.
9
Calculate the remainder when 79747 is divided by 96.
67
Calculate the remainder when 18961608 is divided by 23323.
9
What is the remainder when 2371165 is divided by 474179?
270
What is the remainder when 2416868 is divided by 261?
8
Calculate the remainder when 48851 is divided by 6073.
267
What is the remainder when 1733431 is divided by 115562?
1
What is the remainder when 48248 is divided by 5355?
53
Calculate the remainder when 586295 is divided by 3935.
3915
What is the remainder when 569301 is divided by 9332?
49
Calculate the remainder when 198197 is divided by 198044.
153
What is the remainder when 679688 is divided by 339648?
392
What is the remainder when 10589 is divided by 393?
371
What is the remainder when 82327739 is divided by 59186?
13
What is the remainder when 45275505 is divided by 27?
15
Calculate the remainder when 1072290 is divided by 519.
36
What is the remainder when 778613 is divided by 1483?
38
What is the remainder when 146829 is divided by 491?
20
Calculate the remainder when 218696 is divided by 2951.
322
Calculate the remainder when 1530795 is divided by 4399.
4342
What is the remainder when 2310729 is divided by 69?
57
Calculate the remainder when 97208 is divided by 765.
53
What is the remainder when 70655 is divided by 35295?
65
Calculate the remainder when 3298272 is divided by 28.
12
Calculate the remainder when 241830 is divided by 1892.
1546
What is the remainder when 318540 is divided by 856?
108
What is the remainder when 958604 is divided by 5126?
42
Calculate the remainder when 9337843 is divided by 17.
15
Calculate the remainder when 780526 is divided by 14.
12
What is the remainder when 1155466 is divided by 231076?
86
Calculate the remainder when 1639560 is divided by 275.
10
What is the remainder when 369731005 is divided by 4245?
4240
What is the remainder when 289782 is divided by 105?
87
What is the remainder when 5386 is divided by 380?
66
What is the remainder when 17029662 is divided by 1309970?
52
Calculate the remainder when 1620572 is divided by 591.
50
What is the remainder when 115494 is divided by 550?
544
Calculate the remainder when 185896798 is divided by 32.
30
What is the remainder when 3588187 is divided by 17?
14
Calculate the remainder when 9072175 is divided by 109.
105
Calculate the remainder when 13423798 is divided by 1002.
4
What is the remainder when 82504 is divided by 12?
4
What is the remainder when 22161435 is divided by 34?
31
What is the remainder when 4009080 is divided by 906?
30
What is the remainder when 429479 is divided by 61312?
295
What is the remainder when 46194337 is divided by 21?
7
What is the remainder when 1909508 is divided by 11643?
56
Calculate the remainder when 7053259 is divided by 975.
109
What is the remainder when 305362 is divided by 10?
2
Calculate the remainder when 460502 is divided by 155.
152
What is the remainder when 26841 is divided by 1521?
984
Calculate the remainder when 17740545 is divided by 294.
291
What is the remainder when 400997 is divided by 50116?
69
What is the remainder when 74295 is divided by 18542?
127
Calculate the remainder when 6106335 is divided by 89799.
3
Calculate the remainder when 706684 is divided by 301.
237
What is the remainder when 61824244 is divided by 35?
34
What is the remainder when 473474469 is divided by 29?
24
What is the remainder when 22972386 is divided by 39269?
21
Calculate the remainder when 5055877 is divided by 40.
37
What is the remainder when 109171 is divided by 334?
287
What is the remainder when 16451375 is divided by 16451368?
7
What is the remainder when 71355821 is divided by 26?
17
Calculate the remainder when 51554 is divided by 16276.
2726
Calculate the remainder when 1358042 is divided by 296.
290
Calculate the remainder when 21616385 is divided by 5091.
5090
Calculate the remainder when 69491 is divided by 2618.
1423
What is the remainder when 143111 is divided by 2087?
1195
Calculate the remainder when 308551 is divided by 101585.
3796
What is the remainder when 3461606 is divided by 10364?
30
Calculate the remainder when 1724050 is divided by 107749.
66
What is the remainder when 2026263 is divided by 42?
15
Calculate the remainder when 53283086 is divided by 5666.
22
Calculate the remainder when 34994139 is divided by 1490.
1489
Calculate the 